by 136?
135
Calculate the remainder when 104 is divided by 25.
4
What is the remainder when 956 is divided by 5?
1
Calculate the remainder when 408 is divided by 41.
39
Calculate the remainder when 1072 is divided by 18.
10
Calculate the remainder when 78 is divided by 4.
2
What is the remainder when 1008 is divided by 45?
18
Calculate the remainder when 1578 is divided by 271.
223
Calculate the remainder when 8567 is divided by 24.
23
What is the remainder when 11157 is divided by 20?
17
Calculate the remainder when 1625 is divided by 204.
197
Calculate the remainder when 289 is divided by 175.
114
What is the remainder when 1401 is divided by 13?
10
Calculate the remainder when 1780 is divided by 311.
225
Calculate the remainder when 263 is divided by 6.
5
What is the remainder when 67 is divided by 11?
1
What is the remainder when 106 is divided by 9?
7
What is the remainder when 7477 is divided by 20?
17
Calculate the remainder when 127 is divided by 56.
15
Calculate the remainder when 1159 is divided by 58.
57
Calculate the remainder when 1091 is divided by 39.
38
Calculate the remainder when 13137 is divided by 20.
17
Calculate the remainder when 306 is divided by 44.
42
Calculate the remainder when 991 is divided by 330.
1
Calculate the remainder when 109 is divided by 93.
16
Calculate the remainder when 36 is divided by 12.
0
Calculate the remainder when 668 is divided by 16.
12
Calculate the remainder when 23 is divided by 9.
5
Calculate the remainder when 101 is divided by 8.
5
What is the remainder when 12362 is divided by 11?
9
Calculate the remainder when 460 is divided by 152.
4
What is the remainder when 24973 is divided by 8?
5
Calculate the remainder when 197 is divided by 18.
17
Calculate the remainder when 1979 is divided by 36.
35
What is the remainder when 4143 is divided by 126?
111
What is the remainder when 272 is divided by 51?
17
Calculate the remainder when 18249 is divided by 26.
23
Calculate the remainder when 167 is divided by 6.
5
Calculate the remainder when 689 is divided by 372.
317
Calculate the remainder when 292 is divided by 62.
44
Calculate the remainder when 5657 is divided by 23.
22
What is the remainder when 2764 is divided by 16?
12
Calculate the remainder when 514 is divided by 12.
10
What is the remainder when 183 is divided by 83?
17
Calculate the remainder when 809 is divided by 163.
157
Calculate the remainder when 1422 is divided by 96.
78
What is the remainder when 5625 is divided by 23?
13
Calculate the remainder when 857 is divided by 387.
83
What is the remainder when 1758 is divided by 196?
190
What is the remainder when 2085 is divided by 116?
113
Calculate the remainder when 68 is divided by 19.
11
What is the remainder when 247 is divided by 31?
30
Calculate the remainder when 2855 is divided by 71.
15
What is the remainder when 147 is divided by 6?
3
What is the remainder when 405 is divided by 10?
5
Calculate the remainder when 244 is divided by 105.
34
What is the remainder when 311 is divided by 176?
135
What is the remainder when 69 is divided by 9?
6
What is the remainder when 22 is divided by 6?
4
Calculate the remainder when 19061 is divided by 155.
151
What is the remainder when 282 is divided by 127?
28
What is the remainder when 212 is divided by 85?
42
Calculate the remainder when 527 is divided by 78.
59
Calculate the remainder when 264 is divided by 2.
0
Calculate the remainder when 173 is divided by 38.
21
Calculate the remainder when 1049 is divided by 117.
113
Calculate the remainder when 878 is divided by 147.
143
Calculate the remainder when 1238 is divided by 315.
293
Calculate the remainder when 85 is divided by 13.
7
What is the remainder when 1378 is divided by 23?
21
Calculate the remainder when 1138 is divided by 38.
36
Calculate the remainder when 1614 is divided by 8.
6
Calculate the remainder when 188 is divided by 45.
8
What is the remainder when 1255 is divided by 42?
37
Calculate the remainder when 1002 is divided by 511.
491
Calculate the remainder when 539 is divided by 18.
17
Calculate the remainder when 19547 is divided by 115.
112
Calculate the remainder when 523 is divided by 21.
19
What is the remainder when 184 is divided by 12?
4
What is the remainder when 92 is divided by 56?
36
Calculate the remainder when 1030 is divided by 272.
214
Calculate the remainder when 135 is divided by 74.
61
What is the remainder when 421 is divided by 47?
45
What is the remainder when 441 is divided by 89?
85
Calculate the remainder when 46 is divided by 28.
18
Calculate the remainder when 186 is divided by 42.
18
Calculate the remainder when 12074 is divided by 75.
74
What is the remainder when 613 is divided by 77?
74
What is the remainder when 301 is divided by 28?
21
What is the remainder when 259 is divided by 42?
7
What is the remainder when 13892 is divided by 24?
20
Calculate the remainder when 353 is divided by 59.
58
Calculate the remainder when 40 is divided by 14.
12
Calculate the remainder when 2414 is divided by 69.
68
Calculate the remainder when 907 is divided by 213.
55
Calculate the remainder when 91 is divided by 39.
13
What is the remainder when 2461 is divided by 409?
7
What is the remainder when 1513 is divided by 755?
3
Calculate the remainder when 6086 is divided by 37.
18
Calculate the remainder when 54 is divided by 37.
17
Calculate the remainder when 384 is divided by 125.
9
What is the remainder when 1005 is divided by 63?
60
Calculate the remainder when 511 is divided by 156.
43
What is the remainder when 315 is divided by 53?
50
What is the remainder when 18898 is divided by 10?
8
Calculate the remainder when 353 is divided by 25.
3
Calculate the remainder when 112 is divided by 36.
4
What is the remainder when 264 is divided by 40?
24
Calculate the remainder when 211 is divided by 18.
13
Calculate the remainder when 1695 is divided by 5.
0
Calculate the remainder when 2821 is divided by 4.
1
What is the remainder when 84 is divided by 26?
6
Calculate the remainder when 3647 is divided by 85.
77
Calculate the remainder when 95 is divided by 23.
3
Calculate the remainder when 186 is divided by 56.
18
Calculate the remainder when 2593 is divided by 5.
3
Calculate the remainder when 2890 is divided by 290.
280
Calculate the remainder when 347 is divided by 110.
17
Calculate the remainder when 1909 is divided by 89.
40
What is the remainder when 73 is divided by 6?
1
Calculate the remainder when 545 is divided by 13.
12
Calculate the remainder when 547 is divided by 69.
64
What is the remainder when 55 is divided by 32?
23
Calculate the remainder when 676 is divided by 612.
64
Calculate the remainder when 1657 is divided by 1647.
10
What is the remainder when 83 is divided by 12?
11
What is the remainder when 51 is divided by 34?
17
What is the remainder when 137 is divided by 16?
9
What is the remainder when 344 is divided by 298?
46
What is the remainder when 162 is divided by 25?
12
What is the remainder when 183 is divided by 84?
15
Calculate the remainder when 617 is divided by 300.
17
What is the remainder when 1638 is divided by 40?
38
What is the remainder when 113 is divided by 113?
0
What is the remainder when 61 is divided by 16?
13
Calculate the remainder when 1407 is divided by 15.
12
What is the remainder when 175 is divided by 12?
7
Calculate the remainder when 5778 is divided by 186.
12
What is the remainder when 132 is divided by 34?
30
What is the remainder when 362 is divided by 11?
10
Calculate the remainder when 52 is divided by 7.
3
What is the remainder when 178 is divided by 92?
86
What is the remainder when 458 is divided by 23?
21
Calculate the remainder when 104 is divided by 15.
14
Calculate the remainder when 2237 is divided by 83.
79
Calculate the remainder when 391 is divided by 187.
17
What is the remainder when 170 is divided by 43?
41
What is the remainder when 2099 is divided by 263?
258
Calculate the remainder when 32 is divided by 25.
7
What is the remainder when 2766 is divided by 213?
210
What is the remainder when 252 is divided by 43?
37
What is the remainder when 192 is divided by 183?
9
Calculate the remainder when 165 is divided by 154.
11
What is the remainder when 68 is divided by 23?
22
Cal